{"id":9360,"date":"2024-10-17T19:26:28","date_gmt":"2024-10-17T19:26:28","guid":{"rendered":"https:\/\/oportofortegroup.com\/?post_type=event&#038;p=9360"},"modified":"2025-12-04T16:15:52","modified_gmt":"2025-12-04T16:15:52","slug":"reunion-du-consortium-du-projet-oitbc-au-port","status":"publish","type":"event","link":"https:\/\/oportofortegroup.com\/fr\/eventos\/reuniao-do-consorcio-do-projeto-oitbc-no-porto\/","title":{"rendered":"R\u00e9union du consortium du projet OITBC \u00e0 Porto"},"content":{"rendered":"<div data-elementor-type=\"wp-post\" data-elementor-id=\"9360\" class=\"elementor elementor-9360\">\n\t\t\t\t<div class=\"elementor-element elementor-element-7886940 e-flex e-con-boxed e-con e-parent\" data-id=\"7886940\" data-element_type=\"container\" data-e-type=\"container\">\r\n\t\t\t\t\t<div class=\"e-con-inner\">\r\n\t\t\t\t<div class=\"elementor-element elementor-element-e142dcc elementor-widget elementor-widget-text-editor\" data-id=\"e142dcc\" data-element_type=\"widget\" data-e-type=\"widget\" data-widget_type=\"text-editor.default\">\n\t\t\t\t<div class=\"elementor-widget-container\">\n\t\t\t\t\t\t\t\t\t<p>Le projet OITBC-MSMEs (Observatoire et formation initiale sur la crise des entreprises pour les MPME) soutient les micro et petites entreprises \u00e0 naviguer dans les changements r\u00e9glementaires r\u00e9sultant de la directive europ\u00e9enne 2019\/1023.<br \/><br \/>Cette r\u00e9union de deux jours, organis\u00e9e par Oporto Forte Portugal dans ses bureaux de Porto, a rassembl\u00e9 des partenaires d'Italie, d'Espagne, du Portugal et de Bulgarie.<br \/><br \/>Les conclusions du rapport sur la connaissance de la directive par les PME ont \u00e9t\u00e9 discut\u00e9es, le contenu du s\u00e9minaire virtuel a \u00e9t\u00e9 d\u00e9fini et la cr\u00e9ation de vid\u00e9os d'information a \u00e9t\u00e9 planifi\u00e9e<br \/><br \/>Restez \u00e0 l'\u00e9coute pour des mises \u00e0 jour sur l'avancement des activit\u00e9s !\u00a0<\/p>\t\t\t\t\t\t\t\t<\/div>\n\t\t\t\t<\/div>\n\t\t\t\t<div class=\"elementor-element elementor-element-0fcd675 elementor-widget elementor-widget-video\" data-id=\"0fcd675\" data-element_type=\"widget\" data-e-type=\"widget\" data-settings=\"{&quot;video_type&quot;:&quot;hosted&quot;,&quot;controls&quot;:&quot;yes&quot;}\" data-widget_type=\"video.default\">\n\t\t\t\t<div class=\"elementor-widget-container\">\n\t\t\t\t\t\t\t<div class=\"e-hosted-video elementor-wrapper elementor-open-inline\">\n\t\t\t\t\t<video class=\"elementor-video\" src=\"https:\/\/oportofortegroup.com\/wp-content\/uploads\/2025\/03\/OPorto-Forte-Legendado.mp4\" controls=\"\" preload=\"metadata\" controlslist=\"nodownload\" poster=\"https:\/\/oportofortegroup.com\/wp-content\/uploads\/2025\/03\/a1adb5ef081ef10ab1d74b66fdba16ed.jpg\"><\/video>\n\t\t\t\t<\/div>\n\t\t\t\t\t\t<\/div>\n\t\t\t\t<\/div>\n\t\t\t\t\t<\/div>\n\t\t\t\t<\/div>\n\t\t\t\t<\/div>","protected":false},"excerpt":{"rendered":"<p>O projeto OITBC-MSMEs (Observat\u00f3rio e Forma\u00e7\u00e3o Inicial em Crise Empresarial para as MPMEs) apoia as micro e pequenas empresas a navegar nas altera\u00e7\u00f5es regulamentares resultantes da Diretiva Europeia 2019\/1023. Esta reuni\u00e3o de dois dias, organizada pela Oporto Forte Portugal no seu escrit\u00f3rio, no Porto, contou com a participa\u00e7\u00e3o de parceiros provenientes de It\u00e1lia, Espanha, Portugal [&hellip;]<\/p>\n","protected":false},"featured_media":9362,"menu_order":0,"template":"elementor_theme","class_list":["post-9360","event","type-event","status-publish","has-post-thumbnail","hentry"],"acf":[],"_links":{"self":[{"href":"https:\/\/oportofortegroup.com\/fr\/wp-json\/wp\/v2\/event\/9360","targetHints":{"allow":["GET"]}}],"collection":[{"href":"https:\/\/oportofortegroup.com\/fr\/wp-json\/wp\/v2\/event"}],"about":[{"href":"https:\/\/oportofortegroup.com\/fr\/wp-json\/wp\/v2\/types\/event"}],"version-history":[{"count":10,"href":"https:\/\/oportofortegroup.com\/fr\/wp-json\/wp\/v2\/event\/9360\/revisions"}],"predecessor-version":[{"id":12203,"href":"https:\/\/oportofortegroup.com\/fr\/wp-json\/wp\/v2\/event\/9360\/revisions\/12203"}],"wp:featuredmedia":[{"embeddable":true,"href":"https:\/\/oportofortegroup.com\/fr\/wp-json\/wp\/v2\/media\/9362"}],"wp:attachment":[{"href":"https:\/\/oportofortegroup.com\/fr\/wp-json\/wp\/v2\/media?parent=9360"}],"curies":[{"name":"wp","href":"https:\/\/api.w.org\/{rel}","templated":true}]}}

Réunion du consortium du projet OITBC à Porto

<div data-elementor-type="wp-post" data-elementor-id="9360" class="elementor elementor-9360">
				<div class="elementor-element elementor-element-7886940 e-flex e-con-boxed e-con e-parent" data-id="7886940" data-element_type="container" data-e-type="container">
					<div class="e-con-inner">
				<div class="elementor-element elementor-element-e142dcc elementor-widget elementor-widget-text-editor" data-id="e142dcc" data-element_type="widget" data-e-type="widget" data-widget_type="text-editor.default">
				<div class="elementor-widget-container">
									<p>Le projet OITBC-MSMEs (Observatoire et formation initiale sur la crise des entreprises pour les MPME) soutient les micro et petites entreprises à naviguer dans les changements réglementaires résultant de la directive européenne 2019/1023.<br /><br />Cette réunion de deux jours, organisée par Oporto Forte Portugal dans ses bureaux de Porto, a rassemblé des partenaires d'Italie, d'Espagne, du Portugal et de Bulgarie.<br /><br />Les conclusions du rapport sur la connaissance de la directive par les PME ont été discutées, le contenu du séminaire virtuel a été défini et la création de vidéos d'information a été planifiée<br /><br />Restez à l'écoute pour des mises à jour sur l'avancement des activités ! </p>								</div>
				</div>
				<div class="elementor-element elementor-element-0fcd675 elementor-widget elementor-widget-video" data-id="0fcd675" data-element_type="widget" data-e-type="widget" data-settings="{&quot;video_type&quot;:&quot;hosted&quot;,&quot;controls&quot;:&quot;yes&quot;}" data-widget_type="video.default">
				<div class="elementor-widget-container">
							<div class="e-hosted-video elementor-wrapper elementor-open-inline">
					<video class="elementor-video" src="https://oportofortegroup.com/wp-content/uploads/2025/03/OPorto-Forte-Legendado.mp4" controls="" preload="metadata" controlslist="nodownload" poster="https://oportofortegroup.com/wp-content/uploads/2025/03/a1adb5ef081ef10ab1d74b66fdba16ed.jpg"></video>
				</div>
						</div>
				</div>
					</div>
				</div>
				</div>

<p>O projeto OITBC-MSMEs (Observatório e Formação Inicial em Crise Empresarial para as MPMEs) apoia as micro e pequenas empresas a navegar nas alterações regulamentares resultantes da Diretiva Europeia 2019/1023. Esta reunião de dois dias, organizada pela Oporto Forte Portugal no seu escritório, no Porto, contou com a participação de parceiros provenientes de Itália, Espanha, Portugal [&hellip;]</p>
