{"id":9276,"date":"2025-02-26T17:25:05","date_gmt":"2025-02-26T17:25:05","guid":{"rendered":"https:\/\/oportofortegroup.com\/?post_type=event&#038;p=9276"},"modified":"2025-12-04T16:02:34","modified_gmt":"2025-12-04T16:02:34","slug":"premier-petit-dejeuner","status":"publish","type":"event","link":"https:\/\/oportofortegroup.com\/fr\/eventos\/primeiro-cafe-da-manha\/","title":{"rendered":"1er petit d\u00e9jeuner 2025"},"content":{"rendered":"<p>Lors du dernier petit-d\u00e9jeuner du groupe OFG | Oporto Forte, l'\u00e9quipe s'est r\u00e9unie dans une atmosph\u00e8re d\u00e9tendue, mais toujours dans un souci d'\u00e9volution et d'am\u00e9lioration continue.<\/p>\n\n\n\n<p><\/p>\n\n\n\n<p>Entre partage et apprentissage, la r\u00e9union a b\u00e9n\u00e9fici\u00e9 de la pr\u00e9sence sp\u00e9ciale de la consultante Nubia Correia, qui a fait une pr\u00e9sentation tr\u00e8s utile sur la gestion du temps.<\/p>\n\n\n\n<p><\/p>\n\n\n\n<p>Plus qu'une simple r\u00e9union, il s'agissait d'une occasion de croissance collective et d'autonomisation.&nbsp;<\/p>\n\n\n\n<figure class=\"wp-block-embed is-type-video is-provider-youtube wp-block-embed-youtube wp-embed-aspect-16-9 wp-has-aspect-ratio\"><div class=\"wp-block-embed__wrapper\">\n<iframe title=\"Un petit d\u00e9jeuner du groupe Porto Forte\" width=\"1140\" height=\"641\" src=\"https:\/\/www.youtube.com\/embed\/MlPMNDBlK9s?feature=oembed\" frameborder=\"0\" allow=\"accelerometer; autoplay; clipboard-write; encrypted-media; gyroscope; picture-in-picture; web-share\" referrerpolicy=\"strict-origin-when-cross-origin\" allowfullscreen><\/iframe>\n<\/div><\/figure>","protected":false},"excerpt":{"rendered":"<p>No mais recente caf\u00e9 da manh\u00e3 do OFG | Oporto Forte Group, a equipa reuniu-se num ambiente descontra\u00eddo, mas sempre com o compromisso de evolu\u00e7\u00e3o e melhoria cont\u00ednua. Entre partilhas e aprendizagens, o encontro contou com a presen\u00e7a especial da consultora Nubia Correia, que trouxe uma apresenta\u00e7\u00e3o valiosa sobre gest\u00e3o de tempo. Mais do que [&hellip;]<\/p>\n","protected":false},"featured_media":9277,"menu_order":0,"template":"elementor_theme","class_list":["post-9276","event","type-event","status-publish","has-post-thumbnail","hentry"],"acf":[],"_links":{"self":[{"href":"https:\/\/oportofortegroup.com\/fr\/wp-json\/wp\/v2\/event\/9276","targetHints":{"allow":["GET"]}}],"collection":[{"href":"https:\/\/oportofortegroup.com\/fr\/wp-json\/wp\/v2\/event"}],"about":[{"href":"https:\/\/oportofortegroup.com\/fr\/wp-json\/wp\/v2\/types\/event"}],"version-history":[{"count":3,"href":"https:\/\/oportofortegroup.com\/fr\/wp-json\/wp\/v2\/event\/9276\/revisions"}],"predecessor-version":[{"id":11245,"href":"https:\/\/oportofortegroup.com\/fr\/wp-json\/wp\/v2\/event\/9276\/revisions\/11245"}],"wp:featuredmedia":[{"embeddable":true,"href":"https:\/\/oportofortegroup.com\/fr\/wp-json\/wp\/v2\/media\/9277"}],"wp:attachment":[{"href":"https:\/\/oportofortegroup.com\/fr\/wp-json\/wp\/v2\/media?parent=9276"}],"curies":[{"name":"wp","href":"https:\/\/api.w.org\/{rel}","templated":true}]}}

1er petit déjeuner 2025

<p>Lors du dernier petit-déjeuner du groupe OFG | Oporto Forte, l'équipe s'est réunie dans une atmosphère détendue, mais toujours dans un souci d'évolution et d'amélioration continue.</p>



<p></p>



<p>Entre partage et apprentissage, la réunion a bénéficié de la présence spéciale de la consultante Nubia Correia, qui a fait une présentation très utile sur la gestion du temps.</p>



<p></p>



<p>Plus qu'une simple réunion, il s'agissait d'une occasion de croissance collective et d'autonomisation.&nbsp;</p>



<figure class="wp-block-embed is-type-video is-provider-youtube wp-block-embed-youtube wp-embed-aspect-16-9 wp-has-aspect-ratio"><div class="wp-block-embed__wrapper">
<iframe title="Un petit déjeuner du groupe Porto Forte" width="1140" height="641" src="https://www.youtube.com/embed/MlPMNDBlK9s?feature=oembed" frameborder="0" allow="accelerometer; autoplay; clipboard-write; encrypted-media; gyroscope; picture-in-picture; web-share" referrerpolicy="strict-origin-when-cross-origin" allowfullscreen></iframe>
</div></figure>

<p>No mais recente café da manhã do OFG | Oporto Forte Group, a equipa reuniu-se num ambiente descontraído, mas sempre com o compromisso de evolução e melhoria contínua. Entre partilhas e aprendizagens, o encontro contou com a presença especial da consultora Nubia Correia, que trouxe uma apresentação valiosa sobre gestão de tempo. Mais do que [&hellip;]</p>
